{"id":9,"date":"2020-03-02T12:13:53","date_gmt":"2020-03-02T11:13:53","guid":{"rendered":"https:\/\/implacheck.de\/infoportal\/?page_id=9"},"modified":"2020-05-04T13:15:56","modified_gmt":"2020-05-04T11:15:56","slug":"meistgestellte-fragen","status":"publish","type":"page","link":"https:\/\/implacheck.de\/infoportal\/meistgestellte-fragen\/","title":{"rendered":"Meistgestellte Fragen"},"content":{"rendered":"\n<div class=\"news-list\">\n<div class=\"uk-scope\">\n<ul class=\"uk-accordion uk-text-left \" uk-accordion=\"\">\n\n        <li >\n\n    \n        <a href class=\"uk-accordion-title\">Wie genau ist der Implantatkostenrechner?<\/a>\n\n        <div class=\"uk-accordion-content\">\n\n            \n            \n            \n                        <div class=\"uk-margin\">\n<p>Durch die Betrachtung der  Zahnsituation des einzelnen Patienten kalkuliert der implacheck-Implantatkostenrechner den Preis f\u00fcr die Implantatversorgung absolut individuell. implacheck ist so bundesweit der mit Abstand genaueste Implantatkostenrechner.<\/p>\n\n\n\n<p>Entsprechen die eingegebenen Daten der tats\u00e4chlichen Situation und ist die kalkulierte Versorgung umsetzbar, liegt die Genauigkeit bei einer maximalen Abweichung von ca. 10%. Faktoren, die durch den Rechner nicht hundertprozentig abgebildet werden k\u00f6nnen, sind zum einen die Notwendigkeit eines Knochenaufbaus und die variierenden Laborkosten der einzelnen Dentallabore. Dennoch k\u00f6nnen Sie davon ausgehen, dass Sie eine gute Vorstellung der Kosten f\u00fcr Ihre angestrebte Implantatversorgung erhalten.<\/p>\n<\/div>\n            \n            \n            \n            \n        <\/div>\n\n    <\/li>\n        <li >\n\n    \n        <a href class=\"uk-accordion-title\">Wozu brauche ich einen Online-Implantatkostenrechner wie implacheck\u00ae?<\/a>\n\n        <div class=\"uk-accordion-content\">\n\n            \n            \n            \n                        <div class=\"uk-margin\">\n<p>Oft sind sich Patienten unsicher, wie viel ein oder mehrere Implantate \u00fcberhaupt kosten.<br> Viele trauen sich nicht Ihren Hauszahnarzt anzusprechen oder wissen nicht sicher, ob dieser \u00fcberhaupt Implantate setzt. Hier kommt implacheck ins Spiel.<br> Mit dem implacheck-Implantatkostenrechner k\u00f6nnen Sie sich schnell  \u00fcber die Kosten f\u00fcr die implantologische<br>Versorgung Ihrer individuellen Zahnsituation informieren. Sie erhalten einen \u00dcberblick \u00fcber die zu erwartenden Kosten und k\u00f6nnen sich \u00fcber durch implacheck empfohlene Spezialist in Ihrer N\u00e4he informieren. Ein Vergleich mit einem bereits bestehenden Heil- und Kostenplan wird so kinderleicht m\u00f6glich.<\/p>\n\n\n\n<p>Nachdem Sie unseren Rechner durchlaufen haben, wird Ihnen eine implacheck-Expertenpraxis in Ihrer N\u00e4he empfohlen. Setzen Sie sich gerne mit unseren Spezialisten in Verbindung und vereinbaren Sie einen Termin f\u00fcr ein Beratungsgespr\u00e4ch. <\/p>\n<\/div>\n            \n            \n            \n            \n        <\/div>\n\n    <\/li>\n        <li >\n\n    \n        <a href class=\"uk-accordion-title\">Was muss ich tun, wenn ich  an einer implantologischen Versorgung interessiert bin?<\/a>\n\n        <div class=\"uk-accordion-content\">\n\n            \n            \n            \n                        <div class=\"uk-margin\">\n<p>Durch das ausgegebene Ergebnis erhalten Sie einen \u00dcberblick \u00fcber die zu erwartenden Kosten. Sie haben nun die M\u00f6glichkeit bei Ihrem Hauszahnarzt vergleichsweise einen konkreten Heil- und Kostenplan erstellen zu lassen oder direkt einen Beratungstermin bei einem unserer Experten zu vereinbaren. In diesem werden dann alle Details, Vor- und Nachteile besprochen und es wird gekl\u00e4rt, ob die von Ihnen \u201conline\u201d geplante Versorgung in der Realit\u00e4t auch umsetzbar ist.<\/p>\n<\/div>\n            \n            \n            \n            \n        <\/div>\n\n    <\/li>\n        <li >\n\n    \n        <a href class=\"uk-accordion-title\">Welche Vorteile habe ich bei den implacheck\u00ae-Partnerpraxen?<\/a>\n\n        <div class=\"uk-accordion-content\">\n\n            \n            \n            \n                        <div class=\"uk-margin\">\n<p>Unsere Partnerpraxen sind ausnahmslos Praxen mit implantologischem Schwerpunkt und einer \u00fcberdurchschnittlichen Qualifikation in allen Bereichen der Implantologie. Sie k\u00f6nnen sich sicher sein, dass jede unserer Partnerpraxen regelm\u00e4\u00dfig Implantate setzt und diese prothetisch versorgt. Unsere Spezialisten sind implacheck\u00ae-zertifiziert und absolute Experten auf Ihrem Gebiet. Sie erhalten Ihre gesamte Versorgung aus einer Hand.<\/p>\n<\/div>\n            \n            \n            \n            \n        <\/div>\n\n    <\/li>\n        <li >\n\n    \n        <a href class=\"uk-accordion-title\">Mein Zahnarzt setzt auch Implantate ist aber nicht bei implacheck\u00ae gelistet &#8211; woran liegt das?<\/a>\n\n        <div class=\"uk-accordion-content\">\n\n            \n            \n            \n                        <div class=\"uk-margin\">\n<p>Generell arbeiten wir nur mit Praxen, die ganz bestimmte Standards erf\u00fcllen. Hierzu z\u00e4hlen zum Beispiel die Anzahl der bereits gesetzten Implantate (Ma\u00dfstab f\u00fcr die Erfahrung des Chirurgen) oder die offizielle fachliche Qualifikation.<\/p>\n\n\n\n<p>Weiterhin ist die Zahl der m\u00f6glichen Partnerpraxen pro\nEinzugsgebiet begrenzt. <\/p>\n\n\n\n<p>Wenn sie der Meinung sind, dass Ihr Zahnarzt bei uns gelistet sein m\u00fcsste, sprechen Sie ihn darauf an. Ist die notwendige Qualifikation erf\u00fcllt und sind noch Lizenzen im betreffenden Niederlassungsgebiet vorhanden, freuen wir uns \u00fcber eine Bewerbung als Partnerpraxis.<\/p>\n<\/div>\n            \n            \n            \n            \n        <\/div>\n\n    <\/li>\n        <li >\n\n    \n        <a href class=\"uk-accordion-title\">Was hat es mit den zwei Kostenstufen Basis und Premium im Kostenrechner auf sich?<\/a>\n\n        <div class=\"uk-accordion-content\">\n\n            \n            \n            \n                        <div class=\"uk-margin\">\n<p>Sie haben innerhalb des Kostenrechners die M\u00f6glichkeit, sich f\u00fcr eine von zwei Qualit\u00e4tsstufen zu entscheiden. Beide Stufen, Normal und Premium, greifen ausschlie\u00dflich auf deutsche Qualit\u00e4ts-Laborarbeit zur\u00fcck. Die genauen Unterschiede der Auswahlm\u00f6glichkeiten werden \u00fcber die Hilfe innerhalb des Kostenrechners beim jeweiligen Schritt genau erl\u00e4utert.<\/p>\n<\/div>\n            \n            \n            \n            \n        <\/div>\n\n    <\/li>\n        <li >\n\n    \n        <a href class=\"uk-accordion-title\">Was passiert, wenn in der Praxis herauskommt, dass die gew\u00fcnschte Planung nicht umsetzbar ist?<\/a>\n\n        <div class=\"uk-accordion-content\">\n\n            \n            \n            \n                        <div class=\"uk-margin\">\n<p>Eine implantologische Planung kann einfach oder komplex sein. Hier spielen vor allem Faktoren wie das Knochenangebot, vorhandene Z\u00e4hne, und die individuellen Anspr\u00fcche des Patienten eine gro\u00dfe Rolle. Daher finden das ausf\u00fchrliche Beratungsgespr\u00e4ch und die finale Planung beim Spezialisten in der Praxis statt. Sollte die empfohlene Behandlung von der Planung des implacheck-Rechners abweichen, wird Ihnen die jeweilige Praxis die Gr\u00fcnde sorgf\u00e4ltig erl\u00e4utern und Alternativen mit Ihnen besprechen.<\/p>\n<\/div>\n            \n            \n            \n            \n        <\/div>\n\n    <\/li>\n        <li >\n\n    \n        <a href class=\"uk-accordion-title\">Aus welchem Material bestehen Zahnimplantate?<\/a>\n\n        <div class=\"uk-accordion-content\">\n\n            \n            \n            \n                        <div class=\"uk-margin\">\n<p>Zahnimplantate bestehen in der Regel aus Titan. Der Reinheitsgrad des Titans wird in verschiedenen Stufen angegeben und variiert. Die meisten Implantatsysteme haben den Reinheitsgrad 3, welcher mindestens 99% Titangehalt vorgibt. Allergien auf Titan sind extrem selten, was es zu einem der beliebtesten Werkstoffe in der Implantologie in und auch ausserhalb der Mundh\u00f6hle macht.<\/p>\n\n\n\n<p>Alternativen zu Titanimplantaten bestehen aus Roxolit (\u00e4hnliche Eigenschaften wie Titan) oder neuerdings Keramik. Diese haben den Vorteil nicht grau, sondern &#8222;zahnfarben&#8220; zu sein. Diese Implantate sind jedoch noch nicht so lange am Markt wie die millionenfach bew\u00e4hrten Titanimplantate. In Zukunft k\u00f6nnten sich aber Keramikimplantate mehr und mehr als Alternative durchsetzen.<\/p>\n<\/div>\n            \n            \n            \n            \n        <\/div>\n\n    <\/li>\n        <li >\n\n    \n        <a href class=\"uk-accordion-title\">Wie setzen sich die Kosten einer Zahnimplantation zusammen?<\/a>\n\n        <div class=\"uk-accordion-content\">\n\n            \n            \n            \n                        <div class=\"uk-margin\">\n<p>Zur ganzheitlichen Beantwortung dieser Frage haben wir eine eigene Unterseite erstellt, auf der Sie sich tiefergehend \u00fcber dieses wichtige Thema informieren k\u00f6nnen. <\/p>\n\n\n\n<p><a href=\"\/was-kosten-zahnimplantate\">Was kosten Zahnimplantate?<\/a><\/p>\n\n\n\n<p>Sie haben nat\u00fcrlich die M\u00f6glichkeit Ihre individuellen Kosten \u00fcber unseren <a href=\"\/implantatkostenrechner\/\">Implantatkostenrechner<\/a> einfach und selbst zu kalkulieren.<\/p>\n<\/div>\n            \n            \n            \n            \n        <\/div>\n\n    <\/li>\n        <li >\n\n    \n        <a href class=\"uk-accordion-title\">Warum sind Zahnimplantate so teuer?<\/a>\n\n        <div class=\"uk-accordion-content\">\n\n            \n            \n            \n                        <div class=\"uk-margin\">\n<p>Zur ganzheitlichen Beantwortung dieser Frage haben wir eine eigene Unterseite erstellt, auf der Sie sich tiefergehend \u00fcber dieses wichtige Thema informieren k\u00f6nnen. <\/p>\n\n\n\n<p><a href=\"\/was-kosten-zahnimplantate\" class=\"rank-math-link\">Was kosten Zahnimplantate?<\/a><\/p>\n\n\n\n<p>Sie haben nat\u00fcrlich die M\u00f6glichkeit Ihre individuellen Kosten \u00fcber unseren <a href=\"\/implantatkostenrechner\/\" class=\"rank-math-link\">Implantatkostenrechner<\/a> einfach und unverbindlich selbst zu kalkulieren.<\/p>\n<\/div>\n            \n            \n            \n            \n        <\/div>\n\n    <\/li>\n        <li >\n\n    \n        <a href class=\"uk-accordion-title\">Gibt es eine Garantie auf meine Implantatversorgung?<\/a>\n\n        <div class=\"uk-accordion-content\">\n\n            \n            \n            \n                        <div class=\"uk-margin\">\n<p>Jede in Deutschland geleistete implantologische Arbeit hat eine gesetzliche Mindestgarantie von 2 Jahren. Zahnersatz oder Implantate werden in dieser Zeit kostenfrei repariert oder neu gesetzt, sollte dies in seltenen F\u00e4llen notwendig werden. Einige Praxen geben sogar eine deutlich l\u00e4ngere Garantie auf Ihre Arbeiten. Hierzu fragen Sie bitte Ihren Implacheck-Experten f\u00fcr eine individuelle Auskunft.<\/p>\n<\/div>\n            \n            \n            \n            \n        <\/div>\n\n    <\/li>\n        <li >\n\n    \n        <a href class=\"uk-accordion-title\">Gibt es f\u00fcr Zahnimplantate eine Altersbeschr\u00e4nkung?<\/a>\n\n        <div class=\"uk-accordion-content\">\n\n            \n            \n            \n                        <div class=\"uk-margin\">\n<p>F\u00fcr das Einsetzen von Zahnimplantaten gibt es nach oben hin keine Altersbeschr\u00e4nkung. Man ist nie zu alt f\u00fcr mehr Lebensqualit\u00e4t. Ausnahmen stellen schwerwiegende, akute oder chronische Erkrankungen dar, die das k\u00f6rperliche Allgemeinbefinden so stark beeintr\u00e4chtigen, dass ein chirurgischer Eingriff nicht m\u00f6glich oder mit erheblichen Risiken verbunden ist. Generell sollten Sie aber nicht darauf verzichten Ihrer Zahngesundheit und damit sich selbst etwas Gutes zu tun. Gerne beraten wir Sie in unseren Partnerpraxen individuell.<\/p>\n<\/div>\n            \n            \n            \n            \n        <\/div>\n\n    <\/li>\n        <li >\n\n    \n        <a href class=\"uk-accordion-title\">Kann die Nachbehandlung nach dem implantatchirurgischen Eingriff auch durch meinen Hauszahnarzt erfolgen?<\/a>\n\n        <div class=\"uk-accordion-content\">\n\n            \n            \n            \n                        <div class=\"uk-margin\">\n<p>Die Nachbehandlung unmittelbar nach dem chirurgischen Eingriff sollte m\u00f6glichst durch den Operateur selbst erfolgen, da er den Heilungsverlauf nach der Implantation am besten einsch\u00e4tzen kann. Sollte es aus logistischen Gr\u00fcnden schwierig sein, eine Betreuung durch den Operateur zu gew\u00e4hrleisten, kann in Ausnahmef\u00e4llen auch ein chirurgisch versierter Zahnarzt die Nachkontrolle und die Entfernung der F\u00e4den nach dem Eingriff \u00fcbernehmen. In diesem Fall stimmt sich die Expertenpraxis individuell mit dem Arzt \u00fcber den Behandlungsverlauf und die weitere Planung ab.<\/p>\n<\/div>\n            \n            \n            \n            \n        <\/div>\n\n    <\/li>\n        <li >\n\n    \n        <a href class=\"uk-accordion-title\">Kann die Implantat-Nachsorge nach Abschluss der gesamten Implantat-Versorgung bei meinem Hauszahnarzt erfolgen?<\/a>\n\n        <div class=\"uk-accordion-content\">\n\n            \n            \n            \n                        <div class=\"uk-margin\">\n<p>Wenn die gesamte Implantatbehandlung bei Ihrem implacheck-Expterten abgeschlossen ist, k\u00f6nnen sie selbstverst\u00e4ndlich wieder zur\u00fcck zu Ihrem normalen Zahnarzt wechseln. Signalisieren Sie dem Spezialisten bitte rechtzeitig, dass Sie einen Wechsel beabsichtigen. So kann er Ihren Hauszahnarzt mit in den Behandlungsprozess einbindet und die Kommunikation in Ihrem Sinne schnell und effizient abwickeln.<\/p>\n<\/div>\n            \n            \n            \n            \n        <\/div>\n\n    <\/li>\n        <li >\n\n    \n        <a href class=\"uk-accordion-title\">Wie kann ich die Partnerpraxis f\u00fcr einen Beratungstermin kontaktieren?<\/a>\n\n        <div class=\"uk-accordion-content\">\n\n            \n            \n            \n                        <div class=\"uk-margin\">\n<p>Am Ende des Kalkulationsvorgangs haben Sie die M\u00f6glichkeit einen unserer Spezialisten telefonisch f\u00fcr ein pers\u00f6nliches Beratungsgespr\u00e4ch zu kontaktieren oder per Online-Buchung direkt einen Termin zu vereinbaren.<\/p>\n\n\n\n<p>Mit dem angezeigten implacode kann die Praxis die geplante Versorgung schon vorab einsehen und sich besser auf das Beratungsgespr\u00e4ch vorbereiten. Geben Sie den Code also bei der Online-Terminbuchung oder am Telefon gerne an.<\/p>\n\n\n\n<p>\u00dcber die Ausgabe des Codes an die Praxis Ihrer Wahl entscheiden Sie allein. Ihre Daten werden ohne explizite Einwilligung nicht weitergegeben.  <\/p>\n<\/div>\n            \n            \n            \n            \n        <\/div>\n\n    <\/li>\n        <li >\n\n    \n        <a href class=\"uk-accordion-title\">Welche M\u00f6glichkeiten der Kontaktaufnahme habe ich?<\/a>\n\n        <div class=\"uk-accordion-content\">\n\n            \n            \n            \n                        <div class=\"uk-margin\">\n<p>Sie haben die M\u00f6glichkeit unsere Partnerpraxen direkt anzurufen oder eine bequeme Online-Terminbuchung f\u00fcr ein Beratungsgespr\u00e4ch vorzunehmen. Auch eine Kontaktaufnahme per E-Mail ist m\u00f6glich. Wichtig ist, dass sie Ihren \u201eimplacode\u201c , falls sie eine Berechnung Ihrer Implantatkosten vorgenommen haben, bei der Buchung angeben. Sie haben selbstverst\u00e4ndlich auch die M\u00f6glichkeit unsere Experten ohne eine Kostenberechnung direkt zu kontaktieren.<\/p>\n<\/div>\n            \n            \n            \n            \n        <\/div>\n\n    <\/li>\n        <li >\n\n    \n        <a href class=\"uk-accordion-title\">Was passiert mit meinen angegebenen Daten?<\/a>\n\n        <div class=\"uk-accordion-content\">\n\n            \n            \n            \n                        <div class=\"uk-margin\">\n<p>Vorab: Sie entscheiden absolut eigenst\u00e4ndig dar\u00fcber, welche Daten Sie angeben und was mit diesen passiert. Zur exakten Kalkulation der Kosten ist es jedoch wichtig, dass Ihre Daten Ihrer tats\u00e4chlichen Zahnsituation entsprechen. implacheck\u00ae speichert Ihre Daten anonymisiert f\u00fcr 12 Monate auf einem internen Server. Ihre Kalkulation ist f\u00fcr den Behandler Ihrer Wahl in dieser Zeit mit Ihrem pers\u00f6nlichen implacode aufrufbar. Sie entscheiden somit, wer Ihre Daten erh\u00e4lt und die Kalkulation einsehen kann.<\/p>\n<\/div>\n            \n            \n            \n            \n        <\/div>\n\n    <\/li>\n        <li >\n\n    \n        <a href class=\"uk-accordion-title\">Implacode &#8211; Was ist das?<\/a>\n\n        <div class=\"uk-accordion-content\">\n\n            \n            \n            \n                        <div class=\"uk-margin\">\n<p>Liebe Kolleginnen und Kollegen,<br><br>Aktuell bekommt jeder Patient am Rechnerende einen implacode angezeigt mit dem Hinweis diesen bei der Terminbuchung zu nennen bzw. anzugeben. Patienten, die ihren Analysebericht per E-Mail anfordern, erhalten diesen Code zus\u00e4tzlich per E-Mail zugesandt.<br><br>Mit Hilfe des implacodes k\u00f6nnen Sie pr\u00fcfen welche Eingaben der Patienten im Rechner gemacht hat, inkl. der Berechnung der implantologischen Wunschversorgung.<br><br>Diesen Code k\u00f6nnen Sie schnell und bequem unter folgendem Link eingeben: <\/p>\n\n\n\n<a href=\"https:\/\/rechner.implacheck.de\/angebote\" target=\"_blank\" rel=\"noopener noreferrer\"><div class=\"btn\">https:\/\/rechner.implacheck.de\/angebote<\/div><\/a>\n<\/div>\n            \n            \n            \n            \n        <\/div>\n\n    <\/li>\n    \n<\/ul>\n<\/div>\n<\/div>\n","protected":false},"excerpt":{"rendered":"","protected":false},"author":1,"featured_media":0,"parent":0,"menu_order":0,"comment_status":"closed","ping_status":"closed","template":"","meta":[],"_links":{"self":[{"href":"https:\/\/implacheck.de\/infoportal\/wp-json\/wp\/v2\/pages\/9"}],"collection":[{"href":"https:\/\/implacheck.de\/infoportal\/wp-json\/wp\/v2\/pages"}],"about":[{"href":"https:\/\/implacheck.de\/infoportal\/wp-json\/wp\/v2\/types\/page"}],"author":[{"embeddable":true,"href":"https:\/\/implacheck.de\/infoportal\/wp-json\/wp\/v2\/users\/1"}],"replies":[{"embeddable":true,"href":"https:\/\/implacheck.de\/infoportal\/wp-json\/wp\/v2\/comments?post=9"}],"version-history":[{"count":0,"href":"https:\/\/implacheck.de\/infoportal\/wp-json\/wp\/v2\/pages\/9\/revisions"}],"wp:attachment":[{"href":"https:\/\/implacheck.de\/infoportal\/wp-json\/wp\/v2\/media?parent=9"}],"curies":[{"name":"wp","href":"https:\/\/api.w.org\/{rel}","templated":true}]}}